r of 36 and x.
9
Let r be ((-8)/(-16))/((-15)/(-1440)). What is the greatest common divisor of r and 2512?
16
Suppose w - 124 = -123. Let h = -29 - -16. Let k = h - -24. What is the greatest common factor of w and k?
1
Let w be ((-7)/((-525)/(-45)))/((-1)/315). Suppose 0 = -5*t + 2*y + 39, 2*t + 5*y - 33 = -0*t. What is the greatest common factor of w and t?
9
Let x(z) = 3222*z - 16098. Let a be x(5). Calculate the highest common factor of a and 19356.
12
Let j(n) = n**2 - 33*n + 228. Let v be j(24). Calculate the highest common factor of 61 and v.
1
Suppose 0 = -6*p - 8*p - 42. Let m be ((-3)/(-2) + -2)/(p/18). Suppose m*f - 19 = 107. What is the greatest common factor of f and 6?
6
Let v = -11 - -40. Let t(c) = 33*c - 5222. Let f be t(160). Calculate the greatest common factor of v and f.
29
Suppose -23 = 14*j - 93. Suppose -h + j*w = -2*h - 197, -521 = 3*h + w. Let r = -22 - h. Calculate the greatest common divisor of r and 15.
15
Suppose 0 = 145*d - 147*d + 8. Suppose -5*h + 208 = -d*z, 4*h - z = -6*z + 150. Let l be -1 + 0 - 1 - -102. Calculate the greatest common divisor of h and l.
20
Let w = -477 + 480. Suppose -3*r = -5*g - 555, 959 = -3*r + 8*r + w*g. What is the greatest common factor of r and 228?
38
Suppose -3*d = -7*d + 420. Let b be 28 - (-10 + 21 - 11). Calculate the greatest common factor of d and b.
7
Suppose -39*x + 9172 = 8860. Suppose 2*u - 64 = -m, 5*m - m - 2*u = 296. Calculate the greatest common factor of m and x.
8
Let m(r) = -r**3 - 17*r**2 + 17*r - 59. Let h be m(-18). Let p = -15 - h. What is the greatest common divisor of p and 338?
26
Let p be 3/(15/(-8))*-140. Suppose -19*w = -b + 263, 4*b - 17*w - 647 = -22*w. Calculate the highest common divisor of b and p.
56
Let m be (2*197)/(-15 - -13). Let i = m - -208. Calculate the greatest common factor of i and 209.
11
Suppose 75*t = 51*t - 61*t + 267835. Calculate the greatest common factor of 92 and t.
23
Let m = 7 + -2. Suppose -m*t + 2*p = -67, 2*t - 3*p - 5 = 13. Let b be 33 - -7 - (-1 + -4). Calculate the greatest common divisor of b and t.
15
Suppose -5*u = 276*b - 273*b - 14307, 8585 = 3*u + b. What is the greatest common divisor of u and 18?
18
Let u be (-7 + 10)/(18/12). Let g be u + -6 - (-114 + 1 + 4). Calculate the highest common divisor of 15 and g.
15
Let f = 8469 + -6838. Calculate the greatest common divisor of 28 and f.
7
Let a(v) = -196*v**3 + 6*v**2 + 9*v + 3. Let p be a(-1). What is the greatest common factor of p and 539?
49
Suppose 3*p - 322*o - 16809 = -323*o, 4*o + 12 = 0. Calculate the greatest common divisor of 24 and p.
12
Suppose -2*d + 50*d = 6*d + 2016. What is the highest common divisor of 852 and d?
12
Let t = -1778 - -4082. Suppose 14*s - t = -2*s. What is the greatest common factor of s and 90?
18
Let b(u) = -16*u - 461. Let v be b(-59). Calculate the highest common divisor of 147 and v.
21
Let u(s) = 8*s**2 + 15*s - 85. Let d be u(-11). Let f = 726 - d. What is the highest common factor of f and 216?
8
Let y(v) = v**3 - 37*v**2 + 101*v + 51. Let d be y(34). Suppose 120 + 84 = d*x. Let p = -1 + 25. What is the highest common factor of p and x?
12
Let g(r) = 20*r + 81. Let k(f) = 11*f + 40. Let s(d) = -3*g(d) + 7*k(d). Let u be s(-2). Let x = 13 + 14. What is the greatest common divisor of u and x?
3
Let q = 43014 + -42780. What is the highest common factor of q and 8151?
39
Let b(d) = -2*d + 118. Let p = -119 - -142. Let q be b(p). What is the highest common factor of q and 27?
9
Let q = 761 - 770. Let s be q/15 - ((-63)/5 - 0). Suppose 5*b - 112 - 548 = 0. What is the highest common factor of s and b?
12
Let b be (-53)/(159/(-19026)) - 15. What is the greatest common divisor of 2664 and b?
333
Suppose 4 = -35*j + 37*j. Suppose -q - j*b = -136 + 21, 3*b + 6 = 0. Calculate the greatest common factor of 14 and q.
7
Suppose 13*u - 4560 = -4*u + 7*u. Calculate the highest common factor of 969 and u.
57
Suppose -3 = -b - 7. Let g = 8 + b. Let t(y) = -5*y**3 - 68*y**2 - 35*y + 54. Let x be t(-13). What is the greatest common divisor of g and x?
2
Let p(x) = -29*x**2. Let l be p(-1). Let r be l/(-2) - 2/(-4). Let o(j) = -10*j**2 + 201*j - 10. Let m be o(20). What is the greatest common divisor of m and r?
5
Suppose 51 = 19*r - 25. Calculate the highest common divisor of 2818 and r.
2
Suppose -18*s + 192 = -20*s. Let g be (4/8)/((-1)/s). Calculate the highest common factor of g and 96.
48
Suppose 16*t - 19536 = -31*t + 14*t. What is the greatest common factor of 481 and t?
37
Let q(f) = 2*f**2 + 3*f - 5. Let x be 2/12 - 925/150. Let d = 8 + x. Let w be q(d). What is the greatest common divisor of 9 and w?
9
Let g(p) = -p**2 + 24*p + 88. Let c be g(27). Suppose c*r = 99 + 69. Calculate the highest common factor of r and 84.
12
Let y(v) = -591*v**2 - 653*v + 1. Let i be y(-1). What is the highest common factor of 216 and i?
9
Suppose -38*z + 1549 = -3505. Calculate the greatest common divisor of z and 323.
19
Let u be (-4)/(4/26*-1). Suppose -4*r + 473 = d, 149 = r + 3*d + 17. What is the greatest common divisor of r and u?
13
Let n = -8 + 8. Suppose n = -6*l - 6 + 18. Let u be (l - 0) + (-4)/(-1). What is the highest common divisor of 6 and u?
6
Suppose -2*o - 156 = 32. Suppose -23*f = -13*f - 990. Let a = o + f. What is the greatest common factor of a and 5?
5
Let s = 553 - 209. Let v = -1627 - -1635. What is the highest common divisor of v and s?
8
Suppose -255*g = -281*g - 479*g + 2472480. Calculate the greatest common factor of 864 and g.
288
Let h be (10205/(-10))/(597/60 - 2 - 8). Calculate the greatest common divisor of h and 130.
130
Let l be (-1 - 2)/(9/(-528)). Suppose 0 = -11*o + 4*o + 224. Calculate the greatest common divisor of l and o.
16
Suppose 46*u - 29*u = 1411. What is the highest common divisor of 1328 and u?
83
Suppose 5*o + 3*h + 297 = 0, -208 = 4*o - h - 4*h. Let u = o - -183. Calculate the highest common factor of 28 and u.
14
Let o be -2*(10/4 + -4). Suppose 5*b + 245 = o*t, -b + 4*b + 79 = t. Let y = t - 25. What is the highest common divisor of 24 and y?
12
Suppose 220*r - 124*r + 156*r = 286272. Calculate the greatest common factor of 355 and r.
71
Let l be 285/(-171)*2277/(-15). Let o = -13 - -36. Calculate the greatest common factor of o and l.
23
Let f be (-4)/(-2) - 1/(-1) - 2. Suppose 0 = -22*k + 20*k - 146. Let b = -72 - k. What is the highest common divisor of b and f?
1
Let u(m) = -m**3 + 10*m**2 - 564*m + 3298. Let w be u(6). Let c(g) = -g + 29. Let x be c(0). Calculate the highest common divisor of x and w.
29
Let v be 10/3 - 3 - 51635/(-345). Calculate the greatest common divisor of v and 525.
75
Suppose 2770 = 2*o - 4*n, 1370 = -1011*o + 1012*o + 3*n. Calculate the greatest common factor of o and 197.
197
Let r = -2346 + 2494. Calculate the greatest common divisor of r and 1665.
37
Let c(k) = 113*k + 747. Let b be c(26). What is the greatest common divisor of b and 385?
55
Let n(d) = 56*d + 7 + 5*d - 62*d. Let k be n(-1). Calculate the highest common factor of k and 200.
8
Suppose -w - 7*s + 2*s = -242, -3*s = -5*w + 1238. Suppose j = 4*m - 47, -142*j = -143*j + 5. Calculate the highest common divisor of w and m.
13
Suppose 12*r - 3425 - 7292 = -3037. What is the highest common divisor of 360 and r?
40
Let w be ((-24)/(-228))/(7/665). Let a be ((-15)/2)/((-1)/14). Calculate the greatest common divisor of w and a.
5
Suppose -2*o - 76 = -f - 6*o, -2*f = 3*o - 157. Suppose -3*u + f = u. Let c be ((-34)/(-17))/(1 + 8/(-10)). Calculate the highest common divisor of u and c.
10
Suppose -409 - 910 = -25*p - 19. Calculate the greatest common divisor of p and 871.
13
Let b(l) = -3*l**2 - 104*l + 45. Let w be b(-35). Suppose 37*u = w*u + 1728. What is the highest common divisor of 224 and u?
32
Suppose -2*d + 5*g + 237 - 109 = 0, g - 209 = -3*d. Calculate the highest common divisor of d and 36501.
69
Let b = 5 - 24. Let m(g) = -g**3 - 20*g**2 - 23*g + 19. Let n be m(b). Let i = n - 80. What is the greatest common divisor of i and 75?
15
Suppose p + o = 12, -3*p + 2*o + 9 + 47 = 0. Let c = 46 - p. Suppose 0 = 4*q - q - c. What is the greatest common divisor of q and 90?
10
Let s(o) = o. Let h be s(10). Suppose -11*t = -40*t + 870. Calculate the greatest common factor of t and h.
10
Suppose q - 6 = -3*p, -4*q 